58254.
22
Calculate the highest common factor of 14769 and 2398599.
27
Calculate the greatest common divisor of 58409253 and 42.
21
Calculate the greatest common divisor of 10 and 1097130.
10
Calculate the greatest common factor of 11 and 665305157.
11
What is the highest common divisor of 51890209 and 1316?
329
What is the greatest common divisor of 45555 and 12096371?
3037
Calculate the greatest common factor of 314264772 and 1296.
324
Calculate the greatest common factor of 4169588 and 720689.
1577
Calculate the greatest common divisor of 1024 and 9000832.
128
Calculate the greatest common divisor of 9312 and 96702404.
388
Calculate the greatest common factor of 51251578 and 28.
14
Calculate the highest common divisor of 5445552 and 104272.
2128
What is the highest common factor of 46 and 29572549?
23
What is the greatest common divisor of 72306 and 52948386?
1854
Calculate the highest common divisor of 168825 and 3693891.
6753
What is the greatest common factor of 276645 and 87?
3
Calculate the greatest common factor of 5 and 28486495.
5
Calculate the highest common divisor of 333090 and 19680.
30
What is the highest common factor of 46835 and 25580?
5
What is the highest common divisor of 162 and 375092667?
27
What is the greatest common divisor of 235591200 and 117?
117
What is the highest common factor of 16984 and 46597727?
2123
Calculate the greatest common factor of 21191532 and 123865.
3539
Calculate the highest common factor of 64422 and 4353426.
54
What is the greatest common factor of 64364948 and 35312?
8828
Calculate the highest common factor of 7960 and 68369236.
796
What is the highest common factor of 189882 and 27558?
18
What is the highest common factor of 795730 and 390?
130
Calculate the greatest common divisor of 432 and 47020419.
27
Calculate the highest common divisor of 378 and 675288873.
189
What is the greatest common factor of 4224471 and 530?
53
What is the highest common factor of 7557 and 158433?
33
Calculate the highest common factor of 52256088 and 3240.
72
Calculate the greatest common factor of 1342592 and 3536.
272
Calculate the highest common factor of 5832 and 843750.
54
What is the highest common factor of 14327484 and 96?
12
Calculate the highest common factor of 17951940 and 7380.
180
Calculate the greatest common divisor of 551 and 18403457.
19
Calculate the greatest common divisor of 12553920 and 2592.
864
Calculate the highest common divisor of 234044 and 32.
4
Calculate the greatest common divisor of 5298529 and 41053.
673
Calculate the highest common factor of 11462801 and 2465.
29
Calculate the greatest common factor of 755 and 18314941.
151
What is the greatest common divisor of 39798 and 2378232?
1206
What is the highest common divisor of 1122 and 21922010?
374
What is the highest common divisor of 193060 and 29652?
28
Calculate the greatest common factor of 1098677313 and 19746.
9873
Calculate the highest common divisor of 17576023 and 103.
103
What is the highest common divisor of 203685538 and 28?
14
Calculate the greatest common factor of 19215254 and 9232.
1154
Calculate the highest common factor of 129744 and 272952.
1224
Calculate the highest common factor of 16039 and 112531.
43
Calculate the greatest common divisor of 788910 and 120.
30
Calculate the greatest common divisor of 16827 and 8602857.
213
What is the highest common factor of 612 and 2603329?
17
What is the highest common factor of 34 and 1349037142?
34
What is the greatest common factor of 4128904 and 6786?
754
What is the highest common factor of 1064 and 167100136?
1064
What is the greatest common factor of 2682 and 25193814?
894
What is the highest common divisor of 42360 and 34530?
30
What is the highest common divisor of 121234745 and 410?
205
What is the highest common divisor of 98645 and 1765655?
905
Calculate the highest common divisor of 1392648 and 100.
4
Calculate the greatest common factor of 2332179 and 15453.
153
Calculate the greatest common divisor of 803 and 18362128.
73
Calculate the greatest common divisor of 93421440 and 28.
28
What is the highest common factor of 67179 and 189042?
147
Calculate the greatest common factor of 2945803 and 10024.
1253
What is the greatest common factor of 4298 and 7882?
14
What is the highest common factor of 7512475 and 325?
25
What is the greatest common factor of 15554400 and 650?
50
What is the highest common divisor of 224520 and 258720?
120
What is the highest common divisor of 737800 and 546?
14
What is the greatest common factor of 10852139 and 985?
197
Calculate the greatest common factor of 48 and 42196548.
12
What is the greatest common divisor of 12590284 and 1036?
28
What is the highest common divisor of 50 and 169879175?
25
Calculate the highest common factor of 14940450 and 714.
714
What is the greatest common divisor of 374762 and 506?
46
Calculate the highest common divisor of 56259038 and 176.
22
What is the highest common divisor of 496 and 146072?
248
What is the greatest common factor of 25380 and 195708?
564
What is the greatest common divisor of 2138818 and 8144?
1018
What is the greatest common divisor of 138471 and 215736?
303
Calculate the highest common divisor of 208335 and 57171.
969
Calculate the greatest common factor of 354 and 22608.
6
What is the highest common divisor of 2057 and 4573?
17
What is the greatest common divisor of 384726 and 666?
222
What is the greatest common divisor of 28566540 and 1080?
540
What is the highest common divisor of 12862 and 2081682?
218
What is the greatest common divisor of 2824730 and 2375?
95
Calculate the greatest common divisor of 3240246701 and 1103.
1103
Calculate the greatest common factor of 2922 and 5379402.
2922
Calculate the highest common divisor of 9153985 and 370.
185
Calculate the highest common divisor of 1494 and 66917007.
747
What is the greatest common factor of 136 and 17699?
1
Calculate the greatest common factor of 816 and 54247136.
272
Calculate the greatest common divisor of 2561793647 and 98.
49
What is the greatest common factor of 6 and 45183039?
3
What is the greatest common divisor of 177 and 706539?
3
Calculate the highest common factor of 427 and 43694.
7
Calculate the greatest common factor of 34358 and 165086.
838
What is the highest common divisor of 52069006 and 114?
38
Calculate the greatest common divisor of 2503138 and 341.
11
Calculate the highest common divisor of 42 and 827565.
3
What is the greatest common factor of 6416 and 755312?
16
What is the greatest common factor of 587 and 279736?
1
What is the highest common factor of 21214146 and 85434?
2946
Calculate the greatest common divisor of 14915303 and 39.
13
Calculate the greatest common factor of 3041 and 20333.
1
Calculate the highest common divisor of 21 and 2019685353.
21
Calculate the greatest common factor of 2090 and 186873170.
2090
What is the highest common divisor of 3738349 and 4913476?
3803
Calculate the greatest common factor of 57420 and 103510.
110
Calculate the greatest common divisor of 834244960 and 80.
80
What is the greatest common factor of 2258462 and 374854?
1334
What is the highest common divisor of 587770 and 32224?
106
What is the greatest common divisor of 11843556 and 168?
12
Calculate the greatest common factor of 40 and 18527885.
5
Calculate the highest common factor of 11857500 and 20460.
1860
What is the highest common divisor of 1023823 and 2564464?
3271
Calculate the greatest common divisor of 792 and 66077.
11
Calculate the highest common divisor of 33334480 and 186955.
1345
Calculate the greatest common divisor of 430 and 8655320.
10
What is the highest common factor of 312 and 509076568?
104
What is the greatest common factor of 168817 and 3246859?
1639
Calculate the highest common factor of 419721 and 24.
3
What is the greatest common divisor of 533 and 14986283?
13
Calculate the greatest common divisor of 1154 and 184756.
2
What is the highest common factor of 364 and 59232208?
28
Calculate the greatest common factor of 1656 and 10776.
24
Calculate the highest common factor of 343214 and 8551346.
4834
What is the greatest common divisor of 551987 and 28964?
557
Calculate the highest common divisor of 86893376 and 43456.
6208
Calculate the highest common divisor of 20556